{"id":704,"date":"2014-05-19T11:27:12","date_gmt":"2014-05-19T09:27:12","guid":{"rendered":"https:\/\/www.gesoriaportaferrada.com\/info\/?page_id=704"},"modified":"2026-03-28T12:13:04","modified_gmt":"2026-03-28T11:13:04","slug":"festes-i-esdeveniments-a-sant-feliu","status":"publish","type":"page","link":"https:\/\/www.gesoriaportaferrada.com\/es\/festes-i-esdeveniments-a-sant-feliu\/","title":{"rendered":"Fiestas y eventos en Sant Feliu"},"content":{"rendered":"<div data-elementor-type=\"wp-page\" data-elementor-id=\"704\" class=\"elementor elementor-704\" data-elementor-post-type=\"page\">\n\t\t\t\t<div class=\"elementor-element elementor-element-28500ae e-con-full e-flex e-con e-parent\" data-id=\"28500ae\" data-element_type=\"container\" data-e-type=\"container\" data-settings=\"{&quot;background_background&quot;:&quot;classic&quot;}\">\n\t\t\t\t<div class=\"elementor-element elementor-element-a1c88fc elementor-widget elementor-widget-heading\" data-id=\"a1c88fc\" data-element_type=\"widget\" data-e-type=\"widget\" data-widget_type=\"heading.default\">\n\t\t\t\t\t<h1 class=\"elementor-heading-title elementor-size-default\">Fiestas y eventos en Sant Feliu<\/h1>\t\t\t\t<\/div>\n\t\t\t\t<\/div>\n\t\t\t\t<section class=\"elementor-section elementor-top-section elementor-element elementor-element-d25eb52 elementor-section-boxed elementor-section-height-default elementor-section-height-default\" data-id=\"d25eb52\" data-element_type=\"section\" data-e-type=\"section\">\n\t\t\t\t\t\t<div class=\"elementor-container elementor-column-gap-no\">\n\t\t\t\t\t<div class=\"elementor-column elementor-col-100 elementor-top-column elementor-element elementor-element-e9a812f\" data-id=\"e9a812f\" data-element_type=\"column\" data-e-type=\"column\">\n\t\t\t<div class=\"elementor-widget-wrap elementor-element-populated\">\n\t\t\t\t\t\t<div class=\"elementor-element elementor-element-6fbee54 elementor-widget elementor-widget-zigzag\" data-id=\"6fbee54\" data-element_type=\"widget\" data-e-type=\"widget\" data-settings=\"{&quot;image_shape&quot;:&quot;sharp&quot;}\" data-widget_type=\"zigzag.default\">\n\t\t\t\t<div class=\"elementor-widget-container\">\n\t\t\t\t\t\t\t<div class=\"ehp-zigzag has-direction-end\">\n\t\t\t\t\t\t\t<div class=\"ehp-zigzag__item-wrapper\">\n\t\t\t\t\t<div class=\"ehp-zigzag__item-container\">\n\t\t\t\t\t\t\t\t<div class=\"ehp-zigzag__graphic-element-container has-image\">\n\t\t\t\t\t\t<div class=\"ehp-image ehp-zigzag__image-container\">\n\t\t\t\t<img decoding=\"async\" class=\"ehp-image__img ehp-zigzag__img has-shape-sharp shape-type-image\" src=\"https:\/\/www.gesoriaportaferrada.com\/wp-content\/uploads\/2026\/03\/Carnaval.jpg\" title=\"El Carnaval\" alt=\"El Carnaval\" loading=\"lazy\" \/>\t\t\t<\/div>\n\t\t\t\t\t<\/div>\n\t\t\t\t<div class=\"ehp-zigzag__text-container is-graphic-image\">\n\t\t\t<h2 class=\"ehp-zigzag__title\">El Carnaval<\/h2><p class=\"ehp-zigzag__description\">La ciudad de San Feliu est\u00e1 situada en una zona conocida por sus celebraciones del carnaval, que tienen lugar durante el mes de febrero. Junto con Platja d'Aro y Palam\u00f3s, el carnaval de Sant Feliu es uno de los m\u00e1s prestigiosos.<\/p>\t\t<\/div>\n\t\t\t\t\t\t\t<\/div>\n\t\t\t\t<\/div>\n\t\t\t\t\t\t\t\t<div class=\"ehp-zigzag__item-wrapper\">\n\t\t\t\t\t<div class=\"ehp-zigzag__item-container\">\n\t\t\t\t\t\t\t\t<div class=\"ehp-zigzag__graphic-element-container has-image\">\n\t\t\t\t\t\t<div class=\"ehp-image ehp-zigzag__image-container ehp-image ehp-zigzag__image-container\">\n\t\t\t\t<img decoding=\"async\" class=\"ehp-image__img ehp-zigzag__img has-shape-sharp shape-type-image\" src=\"https:\/\/www.gesoriaportaferrada.com\/wp-content\/uploads\/2026\/03\/Festival-Porta-Ferrada.jpg\" title=\"Festival Porta Ferrada\" alt=\"Festival Porta Ferrada\" loading=\"lazy\" \/>\t\t\t<\/div>\n\t\t\t\t\t<\/div>\n\t\t\t\t<div class=\"ehp-zigzag__text-container is-graphic-image\">\n\t\t\t<h2 class=\"ehp-zigzag__title\">Festival Internacional de la Porta Ferrada<\/h2><p class=\"ehp-zigzag__description\">Creado en 1958, este festival es el m\u00e1s antiguo de la Costa Brava y antiguamente se celebraba junto al Monasterio de la ciudad. Ha ido adquiriendo\u00a0 importancia internacional con el paso del tiempo, y es uno de los principales festivales de Catalunya. Engloba teatro, m\u00fasica y danza.<\/p>\t\t<\/div>\n\t\t\t\t\t\t\t<\/div>\n\t\t\t\t<\/div>\n\t\t\t\t\t\t\t\t<div class=\"ehp-zigzag__item-wrapper\">\n\t\t\t\t\t<div class=\"ehp-zigzag__item-container\">\n\t\t\t\t\t\t\t\t<div class=\"ehp-zigzag__graphic-element-container has-image\">\n\t\t\t\t\t\t<div class=\"ehp-image ehp-zigzag__image-container ehp-image ehp-zigzag__image-container ehp-image ehp-zigzag__image-container\">\n\t\t\t\t<img decoding=\"async\" class=\"ehp-image__img ehp-zigzag__img has-shape-sharp shape-type-image\" src=\"https:\/\/www.gesoriaportaferrada.com\/wp-content\/uploads\/2026\/03\/Festa-Major.jpg\" title=\"Fiesta Mayor\" alt=\"Fiesta Mayor\" loading=\"lazy\" \/>\t\t\t<\/div>\n\t\t\t\t\t<\/div>\n\t\t\t\t<div class=\"ehp-zigzag__text-container is-graphic-image\">\n\t\t\t<h2 class=\"ehp-zigzag__title\">Fiesta Mayor<\/h2><p class=\"ehp-zigzag__description\">Fiesta tradicional de las poblaciones catalanas celebrada, en este caso, entre finales de julio y principios de agosto. Es la principal fiesta popular de Sant Feliu y son c\u00e9lebres los fuegos artificiales en la bah\u00eda.<\/p>\t\t<div class=\"ehp-zigzag__button-container\">\n\t\t\t<a class=\"ehp-button ehp-button--primary ehp-zigzag__button ehp-zigzag__button--primary is-type-link\">\n\t\t\t\t<span class=\"ehp-zigzag__button-text\">Learn More<\/span>\t\t\t\t\t<\/a>\n\t\t<\/div>\n\t\t\t\t<\/div>\n\t\t\t\t\t\t\t<\/div>\n\t\t\t\t<\/div>\n\t\t\t\t\t\t\t\t<div class=\"ehp-zigzag__item-wrapper\">\n\t\t\t\t\t<div class=\"ehp-zigzag__item-container\">\n\t\t\t\t\t\t\t\t<div class=\"ehp-zigzag__graphic-element-container has-image\">\n\t\t\t\t\t\t<div class=\"ehp-image ehp-zigzag__image-container ehp-image ehp-zigzag__image-container ehp-image ehp-zigzag__image-container ehp-image ehp-zigzag__image-container\">\n\t\t\t\t<img decoding=\"async\" class=\"ehp-image__img ehp-zigzag__img has-shape-sharp shape-type-image\" src=\"https:\/\/www.gesoriaportaferrada.com\/wp-content\/uploads\/2026\/03\/Fira-del-Brunyol.jpg\" title=\"La feria del bu\u00f1uelo\" alt=\"La feria del bu\u00f1uelo\" loading=\"lazy\" \/>\t\t\t<\/div>\n\t\t\t\t\t<\/div>\n\t\t\t\t<div class=\"ehp-zigzag__text-container is-graphic-image\">\n\t\t\t<h2 class=\"ehp-zigzag__title\">La feria del bu\u00f1uelo<\/h2><p class=\"ehp-zigzag__description\">Durante las fiestas de Semana Santa se puede disfrutar de tot un surtido de paradas artesanales, y de las expresamente dedicadas a la promoci\u00f3n del bu\u00f1uelo, habiendo talleres, demostraciones y otros acontecimientos.<\/p>\t\t<div class=\"ehp-zigzag__button-container ehp-zigzag__button-container\">\n\t\t\t<a class=\"ehp-button ehp-button--primary ehp-zigzag__button ehp-zigzag__button--primary is-type-link\">\n\t\t\t\t<span class=\"ehp-zigzag__button-text\">Learn More<\/span>\t\t\t\t\t<\/a>\n\t\t<\/div>\n\t\t\t\t<\/div>\n\t\t\t\t\t\t\t<\/div>\n\t\t\t\t<\/div>\n\t\t\t\t\t\t\t\t<div class=\"ehp-zigzag__item-wrapper\">\n\t\t\t\t\t<div class=\"ehp-zigzag__item-container\">\n\t\t\t\t\t\t\t\t<div class=\"ehp-zigzag__graphic-element-container has-image\">\n\t\t\t\t\t\t<div class=\"ehp-image ehp-zigzag__image-container ehp-image ehp-zigzag__image-container ehp-image ehp-zigzag__image-container ehp-image ehp-zigzag__image-container ehp-image ehp-zigzag__image-container\">\n\t\t\t\t<img decoding=\"async\" class=\"ehp-image__img ehp-zigzag__img has-shape-sharp shape-type-image\" src=\"https:\/\/www.gesoriaportaferrada.com\/wp-content\/uploads\/2026\/03\/Campanyes-gastronomiques.jpg\" title=\"Campa\u00f1as gastron\u00f3micas\" alt=\"Campa\u00f1as gastron\u00f3micas\" loading=\"lazy\" \/>\t\t\t<\/div>\n\t\t\t\t\t<\/div>\n\t\t\t\t<div class=\"ehp-zigzag__text-container is-graphic-image\">\n\t\t\t<h2 class=\"ehp-zigzag__title\">Jornadas Gastron\u00f3micas<\/h2><p class=\"ehp-zigzag__description\">- Temps d'uri\u00e7os (diciembre a febrero)<br>\n- Cocina del Peixopalo (Marzo)<br>\n- Ganxotapes Primavera (Abril \u2013 Mayo)<br>\n- Campa\u00f1a Gastron\u00f3mica del Pescado Azul (Mayo \u2013 Junio)<br>\n- Ganxotapes Oto\u00f1o (Octubre \u2013 Noviembre)<br><\/p>\t\t<div class=\"ehp-zigzag__button-container ehp-zigzag__button-container ehp-zigzag__button-container\">\n\t\t\t<a class=\"ehp-button ehp-button--primary ehp-zigzag__button ehp-zigzag__button--primary is-type-link\">\n\t\t\t\t<span class=\"ehp-zigzag__button-text\">Learn More<\/span>\t\t\t\t\t<\/a>\n\t\t<\/div>\n\t\t\t\t<\/div>\n\t\t\t\t\t\t\t<\/div>\n\t\t\t\t<\/div>\n\t\t\t\t\t\t\t<\/div>\n\t\t\t\t\t\t<\/div>\n\t\t\t\t<\/div>\n\t\t\t\t\t<\/div>\n\t\t<\/div>\n\t\t\t\t\t<\/div>\n\t\t<\/section>\n\t\t\t\t<\/div>","protected":false},"excerpt":{"rendered":"<p>Festes i esdeveniments a Sant Feliu El Carnaval La ciutat de San Feliu est\u00e0 enclavada en una zona coneguda per les seves celebracions del carnaval, que tenen lloc el mes de febrer. Junt amb Platja d&#8217;Aro i Palam\u00f3s, el carnaval de Sant Feliu \u00e9s un dels m\u00e9s prestigiosos. Festival Internacional de la Porta Ferrada Creat [&hellip;]<\/p>\n","protected":false},"author":7,"featured_media":2246,"parent":0,"menu_order":0,"comment_status":"closed","ping_status":"closed","template":"","meta":{"footnotes":""},"class_list":["post-704","page","type-page","status-publish","has-post-thumbnail","hentry"],"_links":{"self":[{"href":"https:\/\/www.gesoriaportaferrada.com\/es\/wp-json\/wp\/v2\/pages\/704","targetHints":{"allow":["GET"]}}],"collection":[{"href":"https:\/\/www.gesoriaportaferrada.com\/es\/wp-json\/wp\/v2\/pages"}],"about":[{"href":"https:\/\/www.gesoriaportaferrada.com\/es\/wp-json\/wp\/v2\/types\/page"}],"author":[{"embeddable":true,"href":"https:\/\/www.gesoriaportaferrada.com\/es\/wp-json\/wp\/v2\/users\/7"}],"replies":[{"embeddable":true,"href":"https:\/\/www.gesoriaportaferrada.com\/es\/wp-json\/wp\/v2\/comments?post=704"}],"version-history":[{"count":40,"href":"https:\/\/www.gesoriaportaferrada.com\/es\/wp-json\/wp\/v2\/pages\/704\/revisions"}],"predecessor-version":[{"id":4842,"href":"https:\/\/www.gesoriaportaferrada.com\/es\/wp-json\/wp\/v2\/pages\/704\/revisions\/4842"}],"wp:featuredmedia":[{"embeddable":true,"href":"https:\/\/www.gesoriaportaferrada.com\/es\/wp-json\/wp\/v2\/media\/2246"}],"wp:attachment":[{"href":"https:\/\/www.gesoriaportaferrada.com\/es\/wp-json\/wp\/v2\/media?parent=704"}],"curies":[{"name":"wp","href":"https:\/\/api.w.org\/{rel}","templated":true}]}}

<div data-elementor-type="wp-page" data-elementor-id="704" class="elementor elementor-704" data-elementor-post-type="page">
				<div class="elementor-element elementor-element-28500ae e-con-full e-flex e-con e-parent" data-id="28500ae" data-element_type="container" data-e-type="container" data-settings="{&quot;background_background&quot;:&quot;classic&quot;}">
				<div class="elementor-element elementor-element-a1c88fc elementor-widget elementor-widget-heading" data-id="a1c88fc" data-element_type="widget" data-e-type="widget" data-widget_type="heading.default">
					<h1 class="elementor-heading-title elementor-size-default">Fiestas y eventos en Sant Feliu</h1>				</div>
				</div>
				<section class="elementor-section elementor-top-section elementor-element elementor-element-d25eb52 elementor-section-boxed elementor-section-height-default elementor-section-height-default" data-id="d25eb52" data-element_type="section" data-e-type="section">
						<div class="elementor-container elementor-column-gap-no">
					<div class="elementor-column elementor-col-100 elementor-top-column elementor-element elementor-element-e9a812f" data-id="e9a812f" data-element_type="column" data-e-type="column">
			<div class="elementor-widget-wrap elementor-element-populated">
						<div class="elementor-element elementor-element-6fbee54 elementor-widget elementor-widget-zigzag" data-id="6fbee54" data-element_type="widget" data-e-type="widget" data-settings="{&quot;image_shape&quot;:&quot;sharp&quot;}" data-widget_type="zigzag.default">
				<div class="elementor-widget-container">
							<div class="ehp-zigzag has-direction-end">
							<div class="ehp-zigzag__item-wrapper">
					<div class="ehp-zigzag__item-container">
								<div class="ehp-zigzag__graphic-element-container has-image">
						<div class="ehp-image ehp-zigzag__image-container">
				<img decoding="async" class="ehp-image__img ehp-zigzag__img has-shape-sharp shape-type-image" src="https://www.gesoriaportaferrada.com/wp-content/uploads/2026/03/Carnaval.jpg" title="El Carnaval" alt="El Carnaval" loading="lazy" />			</div>
					</div>
				<div class="ehp-zigzag__text-container is-graphic-image">
			<h2 class="ehp-zigzag__title">El Carnaval</h2><p class="ehp-zigzag__description">La ciudad de San Feliu está situada en una zona conocida por sus celebraciones del carnaval, que tienen lugar durante el mes de febrero. Junto con Platja d'Aro y Palamós, el carnaval de Sant Feliu es uno de los más prestigiosos.</p>		</div>
							</div>
				</div>
								<div class="ehp-zigzag__item-wrapper">
					<div class="ehp-zigzag__item-container">
								<div class="ehp-zigzag__graphic-element-container has-image">
						<div class="ehp-image ehp-zigzag__image-container ehp-image ehp-zigzag__image-container">
				<img decoding="async" class="ehp-image__img ehp-zigzag__img has-shape-sharp shape-type-image" src="https://www.gesoriaportaferrada.com/wp-content/uploads/2026/03/Festival-Porta-Ferrada.jpg" title="Festival Porta Ferrada" alt="Festival Porta Ferrada" loading="lazy" />			</div>
					</div>
				<div class="ehp-zigzag__text-container is-graphic-image">
			<h2 class="ehp-zigzag__title">Festival Internacional de la Porta Ferrada</h2><p class="ehp-zigzag__description">Creado en 1958, este festival es el más antiguo de la Costa Brava y antiguamente se celebraba junto al Monasterio de la ciudad. Ha ido adquiriendo  importancia internacional con el paso del tiempo, y es uno de los principales festivales de Catalunya. Engloba teatro, música y danza.</p>		</div>
							</div>
				</div>
								<div class="ehp-zigzag__item-wrapper">
					<div class="ehp-zigzag__item-container">
								<div class="ehp-zigzag__graphic-element-container has-image">
						<div class="ehp-image ehp-zigzag__image-container ehp-image ehp-zigzag__image-container ehp-image ehp-zigzag__image-container">
				<img decoding="async" class="ehp-image__img ehp-zigzag__img has-shape-sharp shape-type-image" src="https://www.gesoriaportaferrada.com/wp-content/uploads/2026/03/Festa-Major.jpg" title="Fiesta Mayor" alt="Fiesta Mayor" loading="lazy" />			</div>
					</div>
				<div class="ehp-zigzag__text-container is-graphic-image">
			<h2 class="ehp-zigzag__title">Fiesta Mayor</h2><p class="ehp-zigzag__description">Fiesta tradicional de las poblaciones catalanas celebrada, en este caso, entre finales de julio y principios de agosto. Es la principal fiesta popular de Sant Feliu y son célebres los fuegos artificiales en la bahía.</p>		<div class="ehp-zigzag__button-container">
			<a class="ehp-button ehp-button--primary ehp-zigzag__button ehp-zigzag__button--primary is-type-link">
				<span class="ehp-zigzag__button-text">Learn More</span>					</a>
		</div>
				</div>
							</div>
				</div>
								<div class="ehp-zigzag__item-wrapper">
					<div class="ehp-zigzag__item-container">
								<div class="ehp-zigzag__graphic-element-container has-image">
						<div class="ehp-image ehp-zigzag__image-container ehp-image ehp-zigzag__image-container ehp-image ehp-zigzag__image-container ehp-image ehp-zigzag__image-container">
				<img decoding="async" class="ehp-image__img ehp-zigzag__img has-shape-sharp shape-type-image" src="https://www.gesoriaportaferrada.com/wp-content/uploads/2026/03/Fira-del-Brunyol.jpg" title="La feria del buñuelo" alt="La feria del buñuelo" loading="lazy" />			</div>
					</div>
				<div class="ehp-zigzag__text-container is-graphic-image">
			<h2 class="ehp-zigzag__title">La feria del buñuelo</h2><p class="ehp-zigzag__description">Durante las fiestas de Semana Santa se puede disfrutar de tot un surtido de paradas artesanales, y de las expresamente dedicadas a la promoción del buñuelo, habiendo talleres, demostraciones y otros acontecimientos.</p>		<div class="ehp-zigzag__button-container ehp-zigzag__button-container">
			<a class="ehp-button ehp-button--primary ehp-zigzag__button ehp-zigzag__button--primary is-type-link">
				<span class="ehp-zigzag__button-text">Learn More</span>					</a>
		</div>
				</div>
							</div>
				</div>
								<div class="ehp-zigzag__item-wrapper">
					<div class="ehp-zigzag__item-container">
								<div class="ehp-zigzag__graphic-element-container has-image">
						<div class="ehp-image ehp-zigzag__image-container ehp-image ehp-zigzag__image-container ehp-image ehp-zigzag__image-container ehp-image ehp-zigzag__image-container ehp-image ehp-zigzag__image-container">
				<img decoding="async" class="ehp-image__img ehp-zigzag__img has-shape-sharp shape-type-image" src="https://www.gesoriaportaferrada.com/wp-content/uploads/2026/03/Campanyes-gastronomiques.jpg" title="Campañas gastronómicas" alt="Campañas gastronómicas" loading="lazy" />			</div>
					</div>
				<div class="ehp-zigzag__text-container is-graphic-image">
			<h2 class="ehp-zigzag__title">Jornadas Gastronómicas</h2><p class="ehp-zigzag__description">- Temps d'uriços (diciembre a febrero)<br>
- Cocina del Peixopalo (Marzo)<br>
- Ganxotapes Primavera (Abril – Mayo)<br>
- Campaña Gastronómica del Pescado Azul (Mayo – Junio)<br>
- Ganxotapes Otoño (Octubre – Noviembre)<br></p>		<div class="ehp-zigzag__button-container ehp-zigzag__button-container ehp-zigzag__button-container">
			<a class="ehp-button ehp-button--primary ehp-zigzag__button ehp-zigzag__button--primary is-type-link">
				<span class="ehp-zigzag__button-text">Learn More</span>					</a>
		</div>
				</div>
							</div>
				</div>
							</div>
						</div>
				</div>
					</div>
		</div>
					</div>
		</section>
				</div>

<p>Festes i esdeveniments a Sant Feliu El Carnaval La ciutat de San Feliu està enclavada en una zona coneguda per les seves celebracions del carnaval, que tenen lloc el mes de febrer. Junt amb Platja d&#8217;Aro i Palamós, el carnaval de Sant Feliu és un dels més prestigiosos. Festival Internacional de la Porta Ferrada Creat [&hellip;]</p>
