{"id":704,"date":"2014-05-19T11:27:12","date_gmt":"2014-05-19T09:27:12","guid":{"rendered":"https:\/\/www.gesoriaportaferrada.com\/info\/?page_id=704"},"modified":"2026-03-28T12:13:04","modified_gmt":"2026-03-28T11:13:04","slug":"festes-i-esdeveniments-a-sant-feliu","status":"publish","type":"page","link":"https:\/\/www.gesoriaportaferrada.com\/fr\/festes-i-esdeveniments-a-sant-feliu\/","title":{"rendered":"F\u00eates et \u00e9v\u00e9nements \u00e0 Sant Feliu"},"content":{"rendered":"<div data-elementor-type=\"wp-page\" data-elementor-id=\"704\" class=\"elementor elementor-704\" data-elementor-post-type=\"page\">\n\t\t\t\t<div class=\"elementor-element elementor-element-28500ae e-con-full e-flex e-con e-parent\" data-id=\"28500ae\" data-element_type=\"container\" data-e-type=\"container\" data-settings=\"{&quot;background_background&quot;:&quot;classic&quot;}\">\n\t\t\t\t<div class=\"elementor-element elementor-element-a1c88fc elementor-widget elementor-widget-heading\" data-id=\"a1c88fc\" data-element_type=\"widget\" data-e-type=\"widget\" data-widget_type=\"heading.default\">\n\t\t\t\t\t<h1 class=\"elementor-heading-title elementor-size-default\">F\u00eates et \u00e9v\u00e9nements \u00e0 Sant Feliu<\/h1>\t\t\t\t<\/div>\n\t\t\t\t<\/div>\n\t\t\t\t<section class=\"elementor-section elementor-top-section elementor-element elementor-element-d25eb52 elementor-section-boxed elementor-section-height-default elementor-section-height-default\" data-id=\"d25eb52\" data-element_type=\"section\" data-e-type=\"section\">\n\t\t\t\t\t\t<div class=\"elementor-container elementor-column-gap-no\">\n\t\t\t\t\t<div class=\"elementor-column elementor-col-100 elementor-top-column elementor-element elementor-element-e9a812f\" data-id=\"e9a812f\" data-element_type=\"column\" data-e-type=\"column\">\n\t\t\t<div class=\"elementor-widget-wrap elementor-element-populated\">\n\t\t\t\t\t\t<div class=\"elementor-element elementor-element-6fbee54 elementor-widget elementor-widget-zigzag\" data-id=\"6fbee54\" data-element_type=\"widget\" data-e-type=\"widget\" data-settings=\"{&quot;image_shape&quot;:&quot;sharp&quot;}\" data-widget_type=\"zigzag.default\">\n\t\t\t\t<div class=\"elementor-widget-container\">\n\t\t\t\t\t\t\t<div class=\"ehp-zigzag has-direction-end\">\n\t\t\t\t\t\t\t<div class=\"ehp-zigzag__item-wrapper\">\n\t\t\t\t\t<div class=\"ehp-zigzag__item-container\">\n\t\t\t\t\t\t\t\t<div class=\"ehp-zigzag__graphic-element-container has-image\">\n\t\t\t\t\t\t<div class=\"ehp-image ehp-zigzag__image-container\">\n\t\t\t\t<img decoding=\"async\" class=\"ehp-image__img ehp-zigzag__img has-shape-sharp shape-type-image\" src=\"https:\/\/www.gesoriaportaferrada.com\/wp-content\/uploads\/2026\/03\/Carnaval.jpg\" title=\"Le Carnaval\" alt=\"Le Carnaval\" loading=\"lazy\" \/>\t\t\t<\/div>\n\t\t\t\t\t<\/div>\n\t\t\t\t<div class=\"ehp-zigzag__text-container is-graphic-image\">\n\t\t\t<h2 class=\"ehp-zigzag__title\">Le Carnaval<\/h2><p class=\"ehp-zigzag__description\">La ville de Sant Feliu est situ\u00e9e dans une zone ou le carnaval est tr\u00e8s populaire. Il a lieu pendant le mois de f\u00e9vrier et est un des plus renomm\u00e9s avec ceux de Platja d'Aro et de Palam\u00f3s.<\/p>\t\t<\/div>\n\t\t\t\t\t\t\t<\/div>\n\t\t\t\t<\/div>\n\t\t\t\t\t\t\t\t<div class=\"ehp-zigzag__item-wrapper\">\n\t\t\t\t\t<div class=\"ehp-zigzag__item-container\">\n\t\t\t\t\t\t\t\t<div class=\"ehp-zigzag__graphic-element-container has-image\">\n\t\t\t\t\t\t<div class=\"ehp-image ehp-zigzag__image-container ehp-image ehp-zigzag__image-container\">\n\t\t\t\t<img decoding=\"async\" class=\"ehp-image__img ehp-zigzag__img has-shape-sharp shape-type-image\" src=\"https:\/\/www.gesoriaportaferrada.com\/wp-content\/uploads\/2026\/03\/Festival-Porta-Ferrada.jpg\" title=\"Festival Porta Ferrada\" alt=\"Festival Porta Ferrada\" loading=\"lazy\" \/>\t\t\t<\/div>\n\t\t\t\t\t<\/div>\n\t\t\t\t<div class=\"ehp-zigzag__text-container is-graphic-image\">\n\t\t\t<h2 class=\"ehp-zigzag__title\">Festival International de la Porta Ferrada<\/h2><p class=\"ehp-zigzag__description\">Cr\u00e9\u00e9 en 1958, ce festival est le plus ancien de la Costa Brava et se tenait autrefois \u00e0 c\u00f4t\u00e9 du monast\u00e8re de la ville. Il a acquis une importance internationale au fil du temps et est l'un des principaux festivals de Catalogne. Il englobe le th\u00e9\u00e2tre, la musique et la danse.<\/p>\t\t<\/div>\n\t\t\t\t\t\t\t<\/div>\n\t\t\t\t<\/div>\n\t\t\t\t\t\t\t\t<div class=\"ehp-zigzag__item-wrapper\">\n\t\t\t\t\t<div class=\"ehp-zigzag__item-container\">\n\t\t\t\t\t\t\t\t<div class=\"ehp-zigzag__graphic-element-container has-image\">\n\t\t\t\t\t\t<div class=\"ehp-image ehp-zigzag__image-container ehp-image ehp-zigzag__image-container ehp-image ehp-zigzag__image-container\">\n\t\t\t\t<img decoding=\"async\" class=\"ehp-image__img ehp-zigzag__img has-shape-sharp shape-type-image\" src=\"https:\/\/www.gesoriaportaferrada.com\/wp-content\/uploads\/2026\/03\/Festa-Major.jpg\" title=\"F\u00e8te de la ville\" alt=\"F\u00e8te de la ville\" loading=\"lazy\" \/>\t\t\t<\/div>\n\t\t\t\t\t<\/div>\n\t\t\t\t<div class=\"ehp-zigzag__text-container is-graphic-image\">\n\t\t\t<h2 class=\"ehp-zigzag__title\">F\u00e8te de la ville<\/h2><p class=\"ehp-zigzag__description\">F\u00eate traditionnelle des villes catalanes que a lieu entre la fin juillet et le d\u00e9but ao\u00fbt. C'est la principale f\u00eate populaire de Sant Feliu et les feux d'artifice dans la baie sont c\u00e9l\u00e8bres.<\/p>\t\t<div class=\"ehp-zigzag__button-container\">\n\t\t\t<a class=\"ehp-button ehp-button--primary ehp-zigzag__button ehp-zigzag__button--primary is-type-link\">\n\t\t\t\t<span class=\"ehp-zigzag__button-text\">Learn More<\/span>\t\t\t\t\t<\/a>\n\t\t<\/div>\n\t\t\t\t<\/div>\n\t\t\t\t\t\t\t<\/div>\n\t\t\t\t<\/div>\n\t\t\t\t\t\t\t\t<div class=\"ehp-zigzag__item-wrapper\">\n\t\t\t\t\t<div class=\"ehp-zigzag__item-container\">\n\t\t\t\t\t\t\t\t<div class=\"ehp-zigzag__graphic-element-container has-image\">\n\t\t\t\t\t\t<div class=\"ehp-image ehp-zigzag__image-container ehp-image ehp-zigzag__image-container ehp-image ehp-zigzag__image-container ehp-image ehp-zigzag__image-container\">\n\t\t\t\t<img decoding=\"async\" class=\"ehp-image__img ehp-zigzag__img has-shape-sharp shape-type-image\" src=\"https:\/\/www.gesoriaportaferrada.com\/wp-content\/uploads\/2026\/03\/Fira-del-Brunyol.jpg\" title=\"La foire aux baignets\" alt=\"La foire aux baignets\" loading=\"lazy\" \/>\t\t\t<\/div>\n\t\t\t\t\t<\/div>\n\t\t\t\t<div class=\"ehp-zigzag__text-container is-graphic-image\">\n\t\t\t<h2 class=\"ehp-zigzag__title\">La foire aux baignets<\/h2><p class=\"ehp-zigzag__description\">Pendant les vacances de P\u00e2ques, vous pourrez profiter d'un large \u00e9ventail de stands artisanaux, et notamment de stands express\u00e9ment d\u00e9di\u00e9s \u00e0 la promotion du beignet, avec des ateliers, des d\u00e9monstrations et autres animations.<\/p>\t\t<div class=\"ehp-zigzag__button-container ehp-zigzag__button-container\">\n\t\t\t<a class=\"ehp-button ehp-button--primary ehp-zigzag__button ehp-zigzag__button--primary is-type-link\">\n\t\t\t\t<span class=\"ehp-zigzag__button-text\">Learn More<\/span>\t\t\t\t\t<\/a>\n\t\t<\/div>\n\t\t\t\t<\/div>\n\t\t\t\t\t\t\t<\/div>\n\t\t\t\t<\/div>\n\t\t\t\t\t\t\t\t<div class=\"ehp-zigzag__item-wrapper\">\n\t\t\t\t\t<div class=\"ehp-zigzag__item-container\">\n\t\t\t\t\t\t\t\t<div class=\"ehp-zigzag__graphic-element-container has-image\">\n\t\t\t\t\t\t<div class=\"ehp-image ehp-zigzag__image-container ehp-image ehp-zigzag__image-container ehp-image ehp-zigzag__image-container ehp-image ehp-zigzag__image-container ehp-image ehp-zigzag__image-container\">\n\t\t\t\t<img decoding=\"async\" class=\"ehp-image__img ehp-zigzag__img has-shape-sharp shape-type-image\" src=\"https:\/\/www.gesoriaportaferrada.com\/wp-content\/uploads\/2026\/03\/Campanyes-gastronomiques.jpg\" title=\"Campagnes gastronomiques\" alt=\"Campagnes gastronomiques\" loading=\"lazy\" \/>\t\t\t<\/div>\n\t\t\t\t\t<\/div>\n\t\t\t\t<div class=\"ehp-zigzag__text-container is-graphic-image\">\n\t\t\t<h2 class=\"ehp-zigzag__title\">Journ\u00e9es Gastronomiques<\/h2><p class=\"ehp-zigzag__description\">- Temps d'uri\u00e7os (d\u00e9cembre \u00e0 f\u00e9vrier)<br>\n- Cuisine du Peixopalo (Mars)<br>\n- Ganxotapes Printemps (Avril \u2013 Mai)<br>\n- Campagne Gastronomique du Poisson Bleu (Mai \u2013 Juin)<br>\n- Ganxotapes Automne (Octobre \u2013 Novembre)<br><\/p>\t\t<div class=\"ehp-zigzag__button-container ehp-zigzag__button-container ehp-zigzag__button-container\">\n\t\t\t<a class=\"ehp-button ehp-button--primary ehp-zigzag__button ehp-zigzag__button--primary is-type-link\">\n\t\t\t\t<span class=\"ehp-zigzag__button-text\">Learn More<\/span>\t\t\t\t\t<\/a>\n\t\t<\/div>\n\t\t\t\t<\/div>\n\t\t\t\t\t\t\t<\/div>\n\t\t\t\t<\/div>\n\t\t\t\t\t\t\t<\/div>\n\t\t\t\t\t\t<\/div>\n\t\t\t\t<\/div>\n\t\t\t\t\t<\/div>\n\t\t<\/div>\n\t\t\t\t\t<\/div>\n\t\t<\/section>\n\t\t\t\t<\/div>","protected":false},"excerpt":{"rendered":"<p>Festes i esdeveniments a Sant Feliu El Carnaval La ciutat de San Feliu est\u00e0 enclavada en una zona coneguda per les seves celebracions del carnaval, que tenen lloc el mes de febrer. Junt amb Platja d&#8217;Aro i Palam\u00f3s, el carnaval de Sant Feliu \u00e9s un dels m\u00e9s prestigiosos. Festival Internacional de la Porta Ferrada Creat [&hellip;]<\/p>\n","protected":false},"author":7,"featured_media":2246,"parent":0,"menu_order":0,"comment_status":"closed","ping_status":"closed","template":"","meta":{"footnotes":""},"class_list":["post-704","page","type-page","status-publish","has-post-thumbnail","hentry"],"_links":{"self":[{"href":"https:\/\/www.gesoriaportaferrada.com\/fr\/wp-json\/wp\/v2\/pages\/704","targetHints":{"allow":["GET"]}}],"collection":[{"href":"https:\/\/www.gesoriaportaferrada.com\/fr\/wp-json\/wp\/v2\/pages"}],"about":[{"href":"https:\/\/www.gesoriaportaferrada.com\/fr\/wp-json\/wp\/v2\/types\/page"}],"author":[{"embeddable":true,"href":"https:\/\/www.gesoriaportaferrada.com\/fr\/wp-json\/wp\/v2\/users\/7"}],"replies":[{"embeddable":true,"href":"https:\/\/www.gesoriaportaferrada.com\/fr\/wp-json\/wp\/v2\/comments?post=704"}],"version-history":[{"count":40,"href":"https:\/\/www.gesoriaportaferrada.com\/fr\/wp-json\/wp\/v2\/pages\/704\/revisions"}],"predecessor-version":[{"id":4842,"href":"https:\/\/www.gesoriaportaferrada.com\/fr\/wp-json\/wp\/v2\/pages\/704\/revisions\/4842"}],"wp:featuredmedia":[{"embeddable":true,"href":"https:\/\/www.gesoriaportaferrada.com\/fr\/wp-json\/wp\/v2\/media\/2246"}],"wp:attachment":[{"href":"https:\/\/www.gesoriaportaferrada.com\/fr\/wp-json\/wp\/v2\/media?parent=704"}],"curies":[{"name":"wp","href":"https:\/\/api.w.org\/{rel}","templated":true}]}}

Fêtes et événements à Sant Feliu

<div data-elementor-type="wp-page" data-elementor-id="704" class="elementor elementor-704" data-elementor-post-type="page">
				<div class="elementor-element elementor-element-28500ae e-con-full e-flex e-con e-parent" data-id="28500ae" data-element_type="container" data-e-type="container" data-settings="{&quot;background_background&quot;:&quot;classic&quot;}">
				<div class="elementor-element elementor-element-a1c88fc elementor-widget elementor-widget-heading" data-id="a1c88fc" data-element_type="widget" data-e-type="widget" data-widget_type="heading.default">
					<h1 class="elementor-heading-title elementor-size-default">Fêtes et événements à Sant Feliu</h1>				</div>
				</div>
				<section class="elementor-section elementor-top-section elementor-element elementor-element-d25eb52 elementor-section-boxed elementor-section-height-default elementor-section-height-default" data-id="d25eb52" data-element_type="section" data-e-type="section">
						<div class="elementor-container elementor-column-gap-no">
					<div class="elementor-column elementor-col-100 elementor-top-column elementor-element elementor-element-e9a812f" data-id="e9a812f" data-element_type="column" data-e-type="column">
			<div class="elementor-widget-wrap elementor-element-populated">
						<div class="elementor-element elementor-element-6fbee54 elementor-widget elementor-widget-zigzag" data-id="6fbee54" data-element_type="widget" data-e-type="widget" data-settings="{&quot;image_shape&quot;:&quot;sharp&quot;}" data-widget_type="zigzag.default">
				<div class="elementor-widget-container">
							<div class="ehp-zigzag has-direction-end">
							<div class="ehp-zigzag__item-wrapper">
					<div class="ehp-zigzag__item-container">
								<div class="ehp-zigzag__graphic-element-container has-image">
						<div class="ehp-image ehp-zigzag__image-container">
				<img decoding="async" class="ehp-image__img ehp-zigzag__img has-shape-sharp shape-type-image" src="https://www.gesoriaportaferrada.com/wp-content/uploads/2026/03/Carnaval.jpg" title="Le Carnaval" alt="Le Carnaval" loading="lazy" />			</div>
					</div>
				<div class="ehp-zigzag__text-container is-graphic-image">
			<h2 class="ehp-zigzag__title">Le Carnaval</h2><p class="ehp-zigzag__description">La ville de Sant Feliu est située dans une zone ou le carnaval est très populaire. Il a lieu pendant le mois de février et est un des plus renommés avec ceux de Platja d'Aro et de Palamós.</p>		</div>
							</div>
				</div>
								<div class="ehp-zigzag__item-wrapper">
					<div class="ehp-zigzag__item-container">
								<div class="ehp-zigzag__graphic-element-container has-image">
						<div class="ehp-image ehp-zigzag__image-container ehp-image ehp-zigzag__image-container">
				<img decoding="async" class="ehp-image__img ehp-zigzag__img has-shape-sharp shape-type-image" src="https://www.gesoriaportaferrada.com/wp-content/uploads/2026/03/Festival-Porta-Ferrada.jpg" title="Festival Porta Ferrada" alt="Festival Porta Ferrada" loading="lazy" />			</div>
					</div>
				<div class="ehp-zigzag__text-container is-graphic-image">
			<h2 class="ehp-zigzag__title">Festival International de la Porta Ferrada</h2><p class="ehp-zigzag__description">Créé en 1958, ce festival est le plus ancien de la Costa Brava et se tenait autrefois à côté du monastère de la ville. Il a acquis une importance internationale au fil du temps et est l'un des principaux festivals de Catalogne. Il englobe le théâtre, la musique et la danse.</p>		</div>
							</div>
				</div>
								<div class="ehp-zigzag__item-wrapper">
					<div class="ehp-zigzag__item-container">
								<div class="ehp-zigzag__graphic-element-container has-image">
						<div class="ehp-image ehp-zigzag__image-container ehp-image ehp-zigzag__image-container ehp-image ehp-zigzag__image-container">
				<img decoding="async" class="ehp-image__img ehp-zigzag__img has-shape-sharp shape-type-image" src="https://www.gesoriaportaferrada.com/wp-content/uploads/2026/03/Festa-Major.jpg" title="Fète de la ville" alt="Fète de la ville" loading="lazy" />			</div>
					</div>
				<div class="ehp-zigzag__text-container is-graphic-image">
			<h2 class="ehp-zigzag__title">Fète de la ville</h2><p class="ehp-zigzag__description">Fête traditionnelle des villes catalanes que a lieu entre la fin juillet et le début août. C'est la principale fête populaire de Sant Feliu et les feux d'artifice dans la baie sont célèbres.</p>		<div class="ehp-zigzag__button-container">
			<a class="ehp-button ehp-button--primary ehp-zigzag__button ehp-zigzag__button--primary is-type-link">
				<span class="ehp-zigzag__button-text">Learn More</span>					</a>
		</div>
				</div>
							</div>
				</div>
								<div class="ehp-zigzag__item-wrapper">
					<div class="ehp-zigzag__item-container">
								<div class="ehp-zigzag__graphic-element-container has-image">
						<div class="ehp-image ehp-zigzag__image-container ehp-image ehp-zigzag__image-container ehp-image ehp-zigzag__image-container ehp-image ehp-zigzag__image-container">
				<img decoding="async" class="ehp-image__img ehp-zigzag__img has-shape-sharp shape-type-image" src="https://www.gesoriaportaferrada.com/wp-content/uploads/2026/03/Fira-del-Brunyol.jpg" title="La foire aux baignets" alt="La foire aux baignets" loading="lazy" />			</div>
					</div>
				<div class="ehp-zigzag__text-container is-graphic-image">
			<h2 class="ehp-zigzag__title">La foire aux baignets</h2><p class="ehp-zigzag__description">Pendant les vacances de Pâques, vous pourrez profiter d'un large éventail de stands artisanaux, et notamment de stands expressément dédiés à la promotion du beignet, avec des ateliers, des démonstrations et autres animations.</p>		<div class="ehp-zigzag__button-container ehp-zigzag__button-container">
			<a class="ehp-button ehp-button--primary ehp-zigzag__button ehp-zigzag__button--primary is-type-link">
				<span class="ehp-zigzag__button-text">Learn More</span>					</a>
		</div>
				</div>
							</div>
				</div>
								<div class="ehp-zigzag__item-wrapper">
					<div class="ehp-zigzag__item-container">
								<div class="ehp-zigzag__graphic-element-container has-image">
						<div class="ehp-image ehp-zigzag__image-container ehp-image ehp-zigzag__image-container ehp-image ehp-zigzag__image-container ehp-image ehp-zigzag__image-container ehp-image ehp-zigzag__image-container">
				<img decoding="async" class="ehp-image__img ehp-zigzag__img has-shape-sharp shape-type-image" src="https://www.gesoriaportaferrada.com/wp-content/uploads/2026/03/Campanyes-gastronomiques.jpg" title="Campagnes gastronomiques" alt="Campagnes gastronomiques" loading="lazy" />			</div>
					</div>
				<div class="ehp-zigzag__text-container is-graphic-image">
			<h2 class="ehp-zigzag__title">Journées Gastronomiques</h2><p class="ehp-zigzag__description">- Temps d'uriços (décembre à février)<br>
- Cuisine du Peixopalo (Mars)<br>
- Ganxotapes Printemps (Avril – Mai)<br>
- Campagne Gastronomique du Poisson Bleu (Mai – Juin)<br>
- Ganxotapes Automne (Octobre – Novembre)<br></p>		<div class="ehp-zigzag__button-container ehp-zigzag__button-container ehp-zigzag__button-container">
			<a class="ehp-button ehp-button--primary ehp-zigzag__button ehp-zigzag__button--primary is-type-link">
				<span class="ehp-zigzag__button-text">Learn More</span>					</a>
		</div>
				</div>
							</div>
				</div>
							</div>
						</div>
				</div>
					</div>
		</div>
					</div>
		</section>
				</div>

<p>Festes i esdeveniments a Sant Feliu El Carnaval La ciutat de San Feliu està enclavada en una zona coneguda per les seves celebracions del carnaval, que tenen lloc el mes de febrer. Junt amb Platja d&#8217;Aro i Palamós, el carnaval de Sant Feliu és un dels més prestigiosos. Festival Internacional de la Porta Ferrada Creat [&hellip;]</p>
